?
True
Is 2510 a multiple of 10?
True
Is 4296 a multiple of 4?
True
Is 17 a factor of 101271?
False
Does 29 divide 2404?
False
Does 8 divide 1600?
True
Is 1414 even?
True
Is 39 a factor of 147?
False
Is 2705 a multiple of 48?
False
Is 314 a multiple of 20?
False
Is 14 a factor of 29232?
True
Is 102 a factor of 11526?
True
Does 7 divide 19559?
False
Is 183 a factor of 7320?
True
Is 46 a factor of 12052?
True
Is 57 a factor of 2325?
False
Is 54 a factor of 16956?
True
Does 15 divide 395?
False
Is 288 a factor of 36191?
False
Is 1201 a multiple of 9?
False
Does 28 divide 15624?
True
Is 13212 a multiple of 22?
False
Is 7688 a multiple of 124?
True
Is 7 a factor of 1463?
True
Is 46 a factor of 1518?
True
Does 60 divide 240?
True
Is 22 a factor of 3718?
True
Is 23 a factor of 525?
False
Is 20 a factor of 2111?
False
Does 28 divide 252?
True
Is 11 a factor of 8010?
False
Does 55 divide 548?
False
Is 280 a multiple of 4?
True
Does 11 divide 5933?
False
Is 98 a factor of 20044?
False
Does 182 divide 63524?
False
Is 13 a factor of 103263?
False
Does 2 divide 851?
False
Is 317 a multiple of 12?
False
Does 12 divide 2760?
True
Is 4904 a multiple of 20?
False
Does 39 divide 1287?
True
Is 33 a factor of 693?
True
Is 14 a factor of 2646?
True
Does 28 divide 3406?
False
Is 54 a factor of 16076?
False
Does 10 divide 1300?
True
Is 10 a factor of 14990?
True
Does 41 divide 11152?
True
Is 288 a multiple of 28?
False
Is 251 a multiple of 2?
False
Does 20 divide 32682?
False
Is 30 a factor of 1531?
False
Does 14 divide 2091?
False
Is 81162 a multiple of 167?
True
Is 5 a factor of 25108?
False
Is 23 a factor of 1179?
False
Is 26 a factor of 4864?
False
Is 636 a multiple of 13?
False
Is 18 a factor of 27097?
False
Is 27156 a multiple of 73?
True
Is 24 a factor of 1656?
True
Does 20 divide 160?
True
Does 15 divide 4845?
True
Is 13 a factor of 2418?
True
Is 12108 a multiple of 12?
True
Does 2 divide 476?
True
Is 240 a multiple of 15?
True
Is 23961 a multiple of 21?
True
Is 8928 a multiple of 16?
True
Is 107 a factor of 34454?
True
Is 2450 a multiple of 22?
False
Does 113 divide 49720?
True
Is 18465 a multiple of 15?
True
Is 320 a multiple of 8?
True
Is 2189 a multiple of 17?
False
Is 9649 a multiple of 8?
False
Does 31 divide 380?
False
Is 3358 a multiple of 73?
True
Does 58 divide 718?
False
Is 5 a factor of 1385?
True
Does 66 divide 5016?
True
Does 28 divide 60228?
True
Is 65 a factor of 2145?
True
Is 51 a factor of 31265?
False
Is 9 a factor of 1656?
True
Is 198 a multiple of 3?
True
Is 5346 a multiple of 98?
False
Does 7 divide 1278?
False
Is 103 a factor of 13219?
False
Does 28 divide 5741?
False
Does 21 divide 297?
False
Does 14 divide 672?
True
Does 5 divide 100?
True
Does 69 divide 12888?
False
Does 116 divide 90248?
True
Is 44 a factor of 22728?
False
Is 767 a multiple of 59?
True
Is 36 a multiple of 4?
True
Is 1174 a multiple of 72?
False
Does 8 divide 19603?
False
Is 15 a factor of 7095?
True
Does 42 divide 13902?
True
Does 119 divide 2261?
True
Is 1846 a multiple of 24?
False
Is 31 a factor of 8680?
True
Does 17 divide 11011?
False
Does 15 divide 23790?
True
Does 32 divide 41728?
True
Is 15 a factor of 6436?
False
Is 270 a multiple of 45?
True
Does 18 divide 441?
False
Does 33 divide 18810?
True
Is 15 a factor of 5513?
False
Is 23 a factor of 3695?
False
Does 86 divide 3612?
True
Does 3 divide 2356?
False
Is 12 a factor of 10219?
False
Is 1122 a multiple of 102?
True
Does 7 divide 140?
True
Does 7 divide 32?
False
Does 16 divide 80?
True
Is 1570 a multiple of 5?
True
Is 6 a factor of 260?
False
Is 17 a factor of 2316?
False
Is 312 a multiple of 26?
True
Is 113553 a multiple of 31?
True
Is 116 a factor of 11017?
False
Does 13 divide 715?
True
Is 43 a factor of 14448?
True
Is 113307 a multiple of 53?
False
Is 46 a factor of 45242?
False
Is 1031 a multiple of 3?
False
Is 9 a factor of 2243?
False
Is 34475 a multiple of 45?
False
Is 16368 a multiple of 186?
True
Is 785 a multiple of 68?
False
Is 105 a factor of 93744?
False
Is 7 a factor of 290?
False
Does 6 divide 1324?
False
Is 76 a factor of 37931?
False
Does 44 divide 19297?
False
Is 75 a factor of 4200?
True
Is 594 a multiple of 9?
True
Does 277 divide 121253?
False
Does 31 divide 8420?
False
Does 35 divide 45701?
False
Is 14325 even?
False
Is 350 a factor of 97296?
False
Is 35 a factor of 56490?
True
Is 212 a multiple of 4?
True
Is 57 a factor of 1083?
True
Is 504 a multiple of 63?
True
Does 70 divide 26740?
True
Does 12 divide 516?
True
Is 63 a factor of 154?
False
Is 161 a factor of 1878?
False
Is 600 a multiple of 20?
True
Is 29870 a multiple of 29?
True
Does 5 divide 5553?
False
Does 2 divide 7945?
False
Is 684 a multiple of 36?
True
Is 156 a multiple of 52?
True
Is 18 a factor of 12474?
True
Is 91 a multiple of 73?
False
Is 287 a multiple of 6?
False
Does 17 divide 73066?
True
Does 78 divide 156?
True
Is 6953 a multiple of 5?
False
Is 10 a factor of 7616?
False
Does 33 divide 297?
True
Is 13 a factor of 1456?
True
Is 2090 a multiple of 38?
True
Is 48 a factor of 1040?
False
Is 25 a multiple of 5?
True
Does 8 divide 10924?
False
Is 183 a factor of 5673?
True
Is 6 a factor of 1306?
False
Does 7 divide 152?
False
Is 39 a factor of 1170?
True
Does 9 divide 41829?
False
Does 6 divide 6048?
True
Is 14 a factor of 10780?
True
Is 289 a factor of 139509?
False
Does 39 divide 957?
False
Is 11 a factor of 79?
False
Is 3 a factor of 25047?
True
Is 61 a factor of 20923?
True
Is 26 a factor of 87419?
False
Does 274 divide 20231?
False
Does 65 divide 19240?
True
Is 665 a multiple of 52?
False
Is 2 a factor of 83?
False
Is 105 a multiple of 7?
True
Does 7 divide 840?
True
Is 36 a factor of 828?
True
Does 41 divide 3854?
True
Is 24546 a multiple of 102?
False
Is 15 a factor of 189?
False
Is 8 a factor of 18424?
True
Is 16 a factor of 640?
True
Does 18 divide 18?
True
Is 48 a factor of 1056?
True
Is 52889 a multiple of 97?
False
Does 13 divide 8164?
True
Is 33 a factor of 1386?
True
Is 22 a factor of 198?
True
Is 129 a multiple of 28?
False
Does 42 divide 13432?
False
Is 34 a factor of 3046?
False
Is 11984 a multiple of 16?
True
Is 21000 a multiple of 105?
True
Is 145 a factor of 14935?
True
Is 7 a factor of 140?
True
Does 8 divide 8200?
True
Does 14 divide 7390?
False
Is 102 a factor of 4386?
True
Does 35 divide 37124?
False
Does 2 divide 10?
True
Is 556 even?
True
Is 3411 a multiple of 3?
True
Does 226 divide 83083?
False
Is 1176 a multiple of 21?
True
Is 550 a multiple of 5?
True
Does 4 divide 264?
True
Does 45 divide 12330?
True
Is 2 a factor of 1244?
True
Does 203 divide 39663?
False
Does 16 divide 3080?
False
Is 5 a factor of 11720?
True
Does 8 divide 33718?
False
Does 19 divide 38817?
True
Is 11307 a multiple of 14?
False
Is 10534 a multiple of 20?
False
Is 66199 a multiple of 10?
False
Is 384 a multiple of 24?
True
Does 84 divide 3864?
True
Does 35 divide 105?
True
Does 124 divide 1630?
False
Does 48 divide 55862?
False
Is 1871 a multiple of 125?
False
Is 64 a factor of 20928?
True
Is 71 a factor of 940?
False
Is 5940 a multiple of 36?
True
Is 4905 even?
False
Is 204 a multiple of 8?
False
Does 14 divide 9128?
True
Is 1134 a multiple of 33?
False
Is 31 a factor of 1601?
False
Is 93 a factor of 5115?
True
Is 1447 a multiple of 7?
False
Does 73 divide 2434?
False
Is 270 even?
True
Does 59 divide 295?
True
Is 2060 a multiple of 43?
False
Is 31 a factor of 1054?
True
Is 450 a multiple of 6?
True
Does 35 divide 1785?
True
Is 5 a factor of 1045?
True
Is 27201 a multiple of 16?
False
Is 7 a factor of 42?
True
Is 12 a factor of 7620?
True
Is 204 a multiple of 23?
False
Is 7 a factor of 204?
False
Is 21122 a multiple of 59?
True
Is 100 a multiple of 3?
False
Is 437 a factor of 58995?
True
Is 29756 a multiple of 86?
True
Does 8 divide 19304?
True
Does 31 divide 5802?
False
Is 12 a factor of 2771?
False
Is 19 a factor of 597?
False
Is 1271 a multiple of 3?
False
Is 160 a multiple of 4?
True
Is 17 a factor of 912?
False
Is 48 even?
True
Does 44 divide 528?
True
Is 31 a factor of 527?
True
Does 102 divide 612?
True
Does 39 divide 863?
False
Is 1353 a multiple of 18?
False
Is 7 a factor of 371?
True
Is 20734 a multiple of 98?
False
Is 15163 a multiple of 9?
False
Does 8 divide 208?
True
Is 7 a factor of 3424?
False
Is 